a + a = 5*n - 451, 3*a = 5*n - m. What is the remainder when n is divided by 33?
25
Let h(p) = -3*p - 18. Suppose -5*q - 130 = 5*q. Calculate the remainder when h(q) is divided by 6.
3
Suppose -d - d - 363 = -5*w, -5*d - 68 = -w. Let u = -34 + w. Calculate the remainder when u is divided by 14.
11
Suppose -2*l - 77 = -3*l + 3*u, 255 = 3*l - u. What is the remainder when l is divided by 18?
14
Let y = 1 + -1. Suppose 2*r = 12 - y. Suppose -3*b + r*b + 76 = 4*s, 5*s - 60 = -5*b. What is the remainder when s is divided by 6?
4
Let p = -15 - -18. Suppose -3*i - 4*z + 61 = -0*z, p*i + z = 49. What is the remainder when i is divided by ((-2)/4)/((-5)/80)?
7
Let x = -12 + 17. Suppose -x*d = 4*k - 73, 2 = -d - 1. Suppose 0 = 2*r + 25 - 199. What is the remainder when r is divided by k?
21
Suppose l = 5, -26 = u - 2*u - 3*l. Suppose -5*m - 15 = -3*f, 0 = 2*f - 6*m + 2*m - 10. Suppose 4*h + 20 = f*h. Calculate the remainder when h is divided by u.
9
Let r be (-3)/(-4) - 9/12. Suppose -2*g = -r*g - 5*h - 60, 5*g = 5*h + 120. Calculate the remainder when 99 is divided by g.
19
Suppose -266*w + 256*w = -8800. Calculate the remainder when w is divided by 63.
61
Suppose 20 - 12 = 2*p. Suppose 0 = 4*m + 4*f - 21 - 23, p*m + 2*f - 42 = 0. What is the remainder when 26 is divided by m?
6
Suppose t + 2*t = 369. Suppose -t = 48*f - 51*f. What is the remainder when 120 is divided by f?
38
Suppose -6 - 3 = 3*i. Let l(k) = 2*k**2 + 11*k - 12. What is the remainder when l(-9) is divided by i/(-6) - 85/(-10)?
6
Let z be (-3)/6*(518 + 0)/1. What is the remainder when (-6)/(-27) + z/(-9) is divided by 15?
14
Suppose 43 = 5*j - 2*g, -4 = 2*j - 2*g - 26. Let r(v) = 18*v + 12. What is the remainder when r(j) is divided by 35?
33
Suppose -5 = -2*j + f, 0 = j + 6*f - 3*f - 20. Suppose -i + 27 = 2*v, 2*i + 0*v = -j*v + 57. Calculate the remainder when 39 is divided by i.
18
Suppose -667 - 173 = -30*h. Calculate the remainder when 446 is divided by h.
26
Let a = -486 - -500. What is the remainder when 224/6 + 2/3 is divided by a?
10
Suppose 3*z - 38 = 4*j, 5*z - 3*z + 5*j = -13. Suppose -b = -z*b. Suppose b = -11*m + 7*m + 204. What is the remainder when m is divided by 18?
15
Let n(g) = 4*g + 8. Let q be n(-2). Let y = 15 + q. What is the remainder when 44 is divided by y?
14
Let d = -15 + 14. Calculate the remainder when (-3 - d)/(2/3) + 104 is divided by 21.
17
Calculate the remainder when (-10)/(-6) + (-3553)/(-57) is divided by 25.
14
Let g = 347 - 342. What is the remainder when 12 is divided by g?
2
Suppose 0 = -5*c + 5*o + 90, 10*o - 9*o = 0. Let b = 36 - 4. Suppose -s + 0*s = -b. Calculate the remainder when s is divided by c.
14
Let r(x) = 70*x - 1037. Calculate the remainder when 576 is divided by r(16).
78
Suppose -t = -4*t. Let u(f) = -f**2 + 6*f + 14. Let s(c) = c**2 - 7*c - 13. Let z(m) = 5*s(m) + 6*u(m). Calculate the remainder when z(t) is divided by 11.
8
Suppose -7*l + 2*s = -2*l - 42, 4*l - s = 36. What is the remainder when 779 is divided by l?
9
Let i(v) = 7 - 1 - 10*v + 13*v + v**2. Calculate the remainder when 27 is divided by i(-4).
7
Let u(g) = -g**3 + 9*g**2 - 19*g + 53. Calculate the remainder when 105 is divided by u(7).
15
Let l(a) = 11*a + 10. Suppose -4*b + 85 = 5*x, -x + 5*b - 17 = -3*x. What is the remainder when l(4) is divided by x?
12
Suppose 0 = -2*q + 8, -f + q + 23 = 6*q. Calculate the remainder when (-4 - 1) + (13 - -2) is divided by 2 - -3 - 3/f.
2
Let z(f) = 3*f - 23. What is the remainder when 96 is divided by z(18)?
3
Let b = 55 - -32. Calculate the remainder when b is divided by 32.
23
Let f(t) = 3*t + 10. Let x be f(10). Suppose -24*p + 22*p + x = 0. What is the remainder when 58 is divided by p?
18
Suppose -5*x + 0*x = w - 250, 265 = 5*x + 4*w. What is the remainder when 191 is divided by x?
44
Suppose 3 = -r + f, -2*r + r + 2*f - 8 = 0. Suppose -14 = r*a - 36. Calculate the remainder when 64 is divided by a.
9
Let a = -12 - -14. Suppose -a*k - 4 = -0. Calculate the remainder when 27 is divided by k - -1 - -1 - -15.
12
Suppose 4*p = p + 6. What is the remainder when 4/(0 + p) + (77 - 1) is divided by 5?
3
Let k = 1176 + -824. Calculate the remainder when k is divided by 94.
70
Let m(a) = -a**3 - 7*a**2 - 8*a - 2. Let l = -7 + 22. Let r = 9 - l. What is the remainder when m(r) is divided by 6?
4
Suppose 7*p = 5*p + 274. Let z = -417 + 452. What is the remainder when p is divided by z?
32
Let p(v) = 8*v. Suppose -3*o - 5*u + 21 = 0, 0 = -5*u - 0*u - 15. What is the remainder when p(4) is divided by o?
8
Let p(v) = 12*v + 7. What is the remainder when 211 is divided by p(3)?
39
Suppose -2*j + 10 = 4. Suppose j*a = 17 + 10. Let b(q) = 16*q. Calculate the remainder when b(1) is divided by a.
7
Suppose 38 - 2 = 4*y. Suppose -4*s + 52 = -158*f + 160*f, -3*s - 49 = -4*f. Calculate the remainder when f is divided by y.
7
Let d be (-23)/(-138) - 11/(-6). Suppose -5*s + 19 = -21. Suppose d*k + s = 44. What is the remainder when k is divided by 10?
8
Let q(n) = 34*n**2 + 22*n + 3. Let h(u) = -23*u**2 - 15*u - 2. Let f(c) = 7*h(c) + 5*q(c). What is the remainder when f(-2) is divided by 2 + 1/(3/24)?
7
Suppose 0 = 4*u - 4*m + 2*m - 42, -2*u = 2*m - 36. Let o be (-3 + 5 - -9) + -3. Suppose 0 = 6*r - o*r + 50. What is the remainder when r is divided by u?
12
Let w = 9 + 1. Let a be (-33)/(-15) - (-8)/w. What is the remainder when 57 is divided by (-10*a)/(-6 + 4)?
12
Let u(b) = -b**3 + 20*b**2 - b - 38. Let l be u(20). Let x = l + 96. What is the remainder when x is divided by 9?
2
Let v be 2/(-6) + 672/(-36). Calculate the remainder when 150 is divided by -3*(-2)/(-3)*v.
36
Let r = -22 - -40. Suppose 10*y - 2223 = -693. Let h = y + -143. Calculate the remainder when r is divided by h.
8
Suppose 582*u - 110 = 580*u. Calculate the remainder when 1264 is divided by u.
54
Suppose 5*g + w - 210 = 68, -2*g + 101 = -3*w. What is the remainder when g is divided by 15?
10
Suppose -3*f - 5*t = -6058, -10*t = 3*f - 7*t - 6066. Calculate the remainder when f is divided by 78.
76
Let n(k) = 2*k**2 - 17*k + 27. What is the remainder when n(11) is divided by 35?
12
Let c = -1467 + 2136. Calculate the remainder when c is divided by 11.
9
Let o(j) = -j**2 + 14*j + 2. Let n = -53 + 66. Calculate the remainder when o(n) is divided by 9.
6
Suppose 5*v = -2*r + 106 + 31, -4*r + 265 = v. Let i be r + -4 + (-2 - -4). Suppose 2*y = -2 + i. What is the remainder when y is divided by 17?
14
Let n(u) = -u**3 + 5*u**2 + 2*u - 5. Let a = 12 - 12. Let q = 4 - a. Calculate the remainder when 37 is divided by n(q).
18
Let j(m) = m**2 + 10*m - 256. Calculate the remainder when j(19) is divided by 11.
9
Calculate the remainder when 10 - (-32 + 8 + -10) is divided by 20.
4
Let v(t) = 9*t - 7. Let p be v(15). Let j = p - 96. What is the remainder when j is divided by 17?
15
Let a(n) = -n**2 + 13*n + 13. Let j be 3*(2 - (-8)/6). Suppose 9*h - 16*h = -77. Calculate the remainder when a(j) is divided by h.
10
What is the remainder when 42*(-49)/(-14) + -2 is divided by 25?
20
What is the remainder when (6/(-8))/((-10)/(-5760)*-3) is divided by 63?
18
What is the remainder when -3 + (12/(-8))/(6/(-200)) is divided by 15/10*(-100)/(-6)?
22
Let r = 1744 - 1701. Calculate the remainder when 850 is divided by r.
33
Let c = -225 - -243. What is the remainder when 268 is divided by c?
16
Suppose 112*n = 101*n + 1342. What is the remainder when n is divided by 43?
36
Let l = -577 - -590. Let d(c) = c + 6. Let v be d(-7). Let i(a) = 24*a**2 - a - 1. Calculate the remainder when i(v) is divided by l.
11
Calculate the remainder when 299 is divided by 7/(21/270)*74/222.
29
Suppose -7 - 20 = -3*o. Let j be (75/o)/(2/12). Suppose j = 6*u - 4*u. Calculate the remainder when 98 is divided by u.
23
Let f = -344 - -417. What is the remainder when 437 is divided by f?
72
Let g = -28 + 49. Let c(s) = s**2 - 13*s + 48. What is the remainder when g is divided by c(7)?
3
Let g = 194 + -445. What is the remainder when (-2 - -4 - g) + 0 is divided by 51?
49
Suppose 4*w - o = 21, 4*o + 7 = w - 17. Suppose 0 = d + 2*z - 76, 3*z = -w*d + 6*d - 117. Let c = -18 - -35. What is the remainder when d is divided by c?
15
What is the remainder when 16*(6/4 + 0) is divided by 6 - (-33 - (-1 - 12) - (-7 - -1))?
4